30 - 2. Suppose g + f = w. What are the prime factors of w?
2, 7
Let x = 17013 - 10814. What are the prime factors of x?
6199
Let v(p) = 10*p**2 + 2*p - 2. Let s be v(2). Let x = -36 + s. List the prime factors of x.
2, 3
Suppose 5*w - 17 = 4*c + 158, -3*w = -c - 49. Let m = c - -228. List the prime factors of m.
2, 47
Let g(l) = 2*l**3 - 15*l**2 + 7*l + 5. Let t be g(7). Suppose -3*c + 759 = -t*o, 6*c - 2*o + 780 = 9*c. List the prime factors of c.
2, 3, 43
Let t = 822 - 553. What are the prime factors of t?
269
Let a(p) = -p**2 - p + 46. Let d be 3/(-21) + (-30)/35. Let n be 0/(-4 + 0/d). What are the prime factors of a(n)?
2, 23
Let i(n) = 2*n**3 - 6*n**2 - 3. Let c(f) = -f**3 - f - 1. Let j(d) = 3*c(d) + i(d). Let w be j(-6). What are the prime factors of 4/3 + 8/w?
2
Suppose -51*x = -76916 + 16838. What are the prime factors of x?
2, 19, 31
Let v(q) = 7*q + 8. Let h be v(12). Suppose -3*f - h = -b + 2*f, 4*f = b - 90. What are the prime factors of b?
2, 41
Suppose 0 = -0*p + p - 4. Suppose -4*b + 16 = p, -5*o - b + 23 = 0. Suppose -o*j + 3*j = -46. What are the prime factors of j?
2, 23
Let q = 1644 + -420. What are the prime factors of q?
2, 3, 17
Let c(j) = -6*j - 23. Let g be c(5). Let s be (-109)/4 - (-2)/8. Let t = s - g. What are the prime factors of t?
2, 13
Suppose 249*d = 253*d - 8356. List the prime factors of d.
2089
Let k = -95 - -109. What are the prime factors of k?
2, 7
Let u be (-116)/(-12) - 3/(-9). Suppose u = 4*i - 2*i. Suppose -3*a = 3*c - i*a - 41, a - 64 = -5*c. List the prime factors of c.
13
Let n = 20 + -1. Let k = n + -17. List the prime factors of k.
2
Let w(b) be the third derivative of 3*b**4/8 + 13*b**3 - 33*b**2. What are the prime factors of w(-8)?
2, 3
Let r(h) = 69*h**2 - 2*h - 7. List the prime factors of r(-3).
2, 5, 31
Let t be (2/3)/((-4456)/1116 + 4). Let d = 181 - t. List the prime factors of d.
2, 11
Let r(v) = 4*v**2 - 4*v + 790. List the prime factors of r(0).
2, 5, 79
List the prime factors of (8542/(-12))/(-1) - (-92)/552.
2, 89
Suppose -1669 = -w + 2*z, w + 1047 = -3*z + 2721. List the prime factors of w.
3, 557
Suppose -5*k + 1462 + 1563 = 0. List the prime factors of k.
5, 11
Let l(p) = -p**3 - p**2 + 46. Let r be l(0). Suppose -9*a + 7*a = r. Let y = 2 - a. List the prime factors of y.
5
Let b be (15 + -14)/(-1 + 3/4). List the prime factors of 690/b*(-8)/12.
5, 23
Let t(g) = g**2 + g - 1. Let u(c) = -48*c**3 + 5*c**2 + 5*c - 5. Let h(o) = 4*t(o) - u(o). What are the prime factors of h(1)?
47
Let g = -11 + 15. Suppose 2*m = i - 7, -3*m - 27 + 9 = -g*i. Suppose -88 = -4*k - 4*x, -4*k - i*x + 48 + 36 = 0. List the prime factors of k.
2, 3
Let x be 1/((-10)/(-3) + -3) - -35. Let r = x - -142. What are the prime factors of r?
2, 3, 5
Let n = 7 - 17. Let v = n + 14. Suppose v*a + 5 = 5*a. What are the prime factors of a?
5
Let a be 2/9 + 6/(-27). Suppose p - 6*p + 25 = a. Suppose 2*x + 4*l = l + 58, -2*x = -p*l - 26. What are the prime factors of x?
23
Let q(s) be the second derivative of 0*s**3 + 1/2*s**2 + 11*s + 0 + 1/12*s**4. List the prime factors of q(-4).
17
Let z(w) = -w**3 + 4*w**2 + w - 1. Let d be z(4). Suppose 0*g = -g - d*n + 3, 0 = -n. List the prime factors of g.
3
Let k be (54/(-4))/((-4)/(-24)). Let y = k + 137. List the prime factors of y.
2, 7
Suppose -5*t = 5*v, -2*v - 4*t - 6 = -v. Let s(o) = o**2 + o - 1. Let a(r) = -r**2 - 3*r + 2. Let l(p) = v*a(p) + 5*s(p). What are the prime factors of l(-2)?
13
Let y(r) be the first derivative of r**3/3 + 3*r**2 - 22*r - 16. List the prime factors of y(6).
2, 5
Suppose -5*s + 685 = 4*p, 204 = 3*s + 3*p - 207. List the prime factors of s.
137
Suppose a - 3543 = -5*v - 2*a, 2*v - 5*a - 1411 = 0. List the prime factors of v.
2, 3, 59
List the prime factors of 378/10*(8 + (-460)/(-30)).
2, 3, 7
Let q(y) = -13*y + 16. Let v be q(8). Let o be ((-27)/(-4))/(33/v). Let z = o + 32. What are the prime factors of z?
2, 7
Let w = -10 + 9. Let l be 1 + (0 + w - -2). Suppose -z - 27 = -l*z. What are the prime factors of z?
3
Suppose -2*x - 1810 = -5*z, 3*z = 7*z + 3*x - 1471. Let o be ((-3)/2)/((-14)/z). Let r = -24 + o. List the prime factors of r.
3, 5
Suppose -2*a + 3 = 5*t - 5, 0 = -a - 2*t + 4. What are the prime factors of a/(-1) - -1 - -65?
2, 31
Let x = 1049 + -628. List the prime factors of x.
421
Suppose 5 = 8*i - 3*i - 5*k, -4*i = -k - 19. Suppose -g = -i*g + 15. Suppose 0 = g*o - o - 4. What are the prime factors of o?
2
Suppose 14*f - 80 = 9*f. Suppose -216 = -2*d + f. What are the prime factors of d?
2, 29
Suppose 10*s + 2*s - 60444 = 0. What are the prime factors of s?
3, 23, 73
Suppose -5*z = d - 38, 0 = -2*d + d + 3*z - 2. Suppose 0 = -d*x + 11*x + 140. What are the prime factors of x?
2, 5, 7
Let w = 17 - 15. Suppose -4*f + 63 = 3*j + 24, -w*j = -3*f - 43. What are the prime factors of j?
17
Suppose -8*m + 427 - 83 = 0. Suppose -d + m = 4. List the prime factors of d.
3, 13
Let x(y) = 36*y + 2882. What are the prime factors of x(0)?
2, 11, 131
Let s be 15*((-14)/(-6) - 2). Let l(g) = -g**3 - 7*g**2 - g - 5. Let f be l(-7). Suppose -f*z + 26 + 24 = -4*y, -s*y = z - 32. What are the prime factors of z?
3
Let u(o) = o + 18. Let y = 12 - 9. Let f = y + -9. What are the prime factors of u(f)?
2, 3
Suppose -3*k + 10 = v + 1, 2*v = 6. Suppose 8*w = k*w + 60. What are the prime factors of w?
2, 5
Let z be 146/10 + (-6)/10. Let n = z - 11. Suppose -b = -4*l + l - 11, 4*l = -n*b + 33. List the prime factors of b.
11
Let m be 126/(-26) + (-18)/117. Let b be (m + -7)/(6/(-4)). Let d = 14 - b. List the prime factors of d.
2, 3
Suppose m - 3*m = -32. Let t = -2 + 6. List the prime factors of (-18)/t*m/(-6).
2, 3
List the prime factors of (-10600)/(-7) - (-4 - (-210)/49).
2, 757
Let j be (-8 - (-4 + 3))*4/(-7). Suppose 8 = -2*x, o + 8*x = j*x + 49. What are the prime factors of o?
5, 13
Let h = 299 - 130. Suppose 2*z + 5*v - 120 = 0, v + v - h = -3*z. List the prime factors of z.
5, 11
Let x(y) = 361*y - 1. Let b be x(-9). What are the prime factors of ((-8)/5)/(26/b)?
2, 5
Suppose 4*v + 14 = -18. List the prime factors of (43/(-2))/(2/v).
2, 43
Let y = 3 + -18. Let a = y + 19. Suppose -3*m + a = -m. What are the prime factors of m?
2
Let b(q) = q**2 - 24*q + 4. Let k(c) = c**2 - 25*c + 3. Let t(s) = 4*b(s) - 3*k(s). What are the prime factors of t(23)?
53
Let c(a) = 6*a**2 + 3*a - 3. Suppose 0 = -2*b + 3 + 17. Let n = b + -8. List the prime factors of c(n).
3
Suppose 179 = 118*c - 117*c. What are the prime factors of c?
179
Let o(h) = 2*h**2 + 12*h - 56. What are the prime factors of o(9)?
2, 107
Let b be (3 + 36)/(3/2). Suppose -5*y = -3*y - 8, -4*y - b = -3*x. List the prime factors of x.
2, 7
Let r be (-1 - (-128)/20)*15. Suppose 4*w - 5*n = -57, 5*w = -2*n + 5*n - r. What are the prime factors of (w/(-15))/(3/80)?
2
List the prime factors of (-4864)/(-18) - 2/9.
2, 3, 5
Let n = -26 - -30. Suppose -n*q - 4*m + 592 = 0, m = q - m - 136. Suppose -6*g + 9*g - q = 0. What are the prime factors of g?
2, 3
Let m(g) = -g**2 + 10*g - 6. Let l be m(9). Suppose -l*u + 3 = -27. What are the prime factors of 2/u - (-390)/50?
2
Let c(s) = -3 - s + 7*s**3 - s**2 + 4*s**3 + 3*s. Let b be c(2). Suppose 8*l = 5*t + 3*l - b, 13 = -t - 5*l. List the prime factors of t.
2, 3
Suppose -11 = -3*b - 5*x, -3*x = b + 5 - 2. Suppose -57*y + 83*y - 1170 = 0. Let l = b + y. What are the prime factors of l?
3, 19
Let z(n) = n**3 + 48*n**2 - 26*n + 325. What are the prime factors of z(-46)?
11, 523
Let d = -2063 - -3037. What are the prime factors of d?
2, 487
Suppose -w - 2*m = -6*m + 3, w + 3 = -4*m. Let a be 1*(16 - -2) + 0. What are the prime factors of (13/w)/((-3)/a)?
2, 13
Suppose 13 = -l + 5*a - 66, -372 = 5*l - 2*a. List the prime factors of (-65)/2*l/185.
13
Let m(g) = g**2 - g - 20. Let v = 5 + 5. List the prime factors of m(v).
2, 5, 7
Let s(x) = -x**3 - 27*x**2 + 81*x + 34. What are the prime factors of s(-34)?
2, 17, 79
Let c(f) = f + 2*f**2 - 2*f - 2*f**2 - 1 - f**3 - 5*f**2. Let k be c(-5). Suppose 2*x + k = 22. List the prime factors of x.
3
What are the prime factors of 26/403 - (-559356)/124?
13, 347
Suppose 2 = 2*s - 26. Let c(z) = z**3 - 15*z**2 + 13*z + 14. Let i be c(s). Suppose f = 51 - i. List the prime factors of f.
3, 17
Suppose 0 = -v - v -